+ 684 = -5*h, 0 = 3*h. Let j = -61 - c. Suppose 3*g = -5*l + 340, 0 = 2*l - 4*l + 4*g + j. Is l prime?
False
Suppose 2268 = -4*k - 892. Let r be 1/2*-2*k. Let y = r - 461. Is y a prime number?
False
Let r(w) be the third derivative of -w**4/4 - 2*w**3 + 6*w**2. Let d be r(-9). Let t = 125 - d. Is t a composite number?
False
Suppose 5*w + 23 + 34 = -3*y, -2*w - 4*y - 20 = 0. Let k = w - -10. Let m = 69 + k. Is m prime?
True
Let j(v) be the third derivative of 53*v**5/30 - v**4/12 + v**3/2 + 25*v**2. Is j(-2) a prime number?
True
Let m be (-161117)/(-44) - 1/(-4). Suppose 0 = -4*u - h - h + 3672, -4*u + m = -3*h. Is u composite?
True
Let o(g) = 4*g**3 + 5*g**2 - 4*g - 80. Is o(9) a prime number?
False
Let t(p) = 5*p**2 + 33*p + 219. Is t(-14) a composite number?
True
Let z be (-3)/4 - (-286)/8. Let n = 53 - 14. Let h = n + z. Is h a composite number?
True
Let u(q) = 9*q**2 - 3*q - 4. Let t(s) = -27*s**2 + 9*s + 11. Let k(z) = 3*t(z) + 8*u(z). Let p be k(-6). Is (p/(-11))/(2 - 1) prime?
True
Let p(b) = 11*b**2 - 9*b + 11. Let i(s) = -32*s**2 + 26*s - 32. Let l(m) = -4*i(m) - 11*p(m). Is l(-4) prime?
True
Let d be (-2)/((-6)/(-1899) - 0). Let v be (d/9)/(1/(-3)). Suppose 0 = 8*g - 7*g - v. Is g composite?
False
Let y(m) = -172*m - 71. Is y(-10) a composite number?
True
Let z be ((-2)/1)/(2*(-1)/5). Suppose v - 2*a = 1250 - 3, -z*v + 6240 = -5*a. Is v prime?
True
Let x(k) = -k**2 - 4*k - 3. Let r be x(-4). Is (12/8 + r + 2)*382 prime?
True
Suppose -14*o + 30*o - 96 = 0. Is o a prime number?
False
Is (-2 + (-35)/(-28))/(4/(-304)) a prime number?
False
Let u(m) = m**3 - 9*m**2 - 5*m + 2. Let t be (-18)/12*14/(-3). Let z be u(t). Let v = z + 622. Is v prime?
True
Suppose -118786 = -10*z + 11924. Is z a composite number?
True
Let i(u) = -64*u**2 - 1. Let f be i(1). Let q = -509 + 785. Let n = q + f. Is n prime?
True
Let x(t) = 3*t + 3014. Let k be x(0). Suppose k = 4*w - 5*n, 4*w = n - 2*n + 3002. Is w prime?
True
Suppose 2786 = -4*z + 47390. Suppose 0 = 12*t - 11589 - z. Is t composite?
True
Let u(x) = -x + 1. Let o(v) = -108*v + 1. Let y(w) = o(w) - 3*u(w). Is y(-1) a prime number?
True
Suppose 11*d = 8*d + 2592. Suppose -d = -3*u - 5*g, u - 2*u + 278 = 5*g. Is u prime?
True
Suppose -3*w = -12, -3*m = m - 4*w - 828. Let f = m + 378. Is f a composite number?
True
Suppose 7*n = -3*n + 88870. Is n composite?
False
Let u(p) = -3*p - 57. Let r be u(-19). Is (r - 0)*8/16 - -1151 a prime number?
True
Let t = 194444 - 112683. Is t a prime number?
True
Suppose 2*x + 340 + 455 = -5*w, 0 = -2*w - 2*x - 324. Let r = w - -468. Is r prime?
True
Suppose 6 = 4*t + 2*r, 2*r - 3 = t - 4*t. Suppose -2*o + q = 2*q - 30, 47 = t*o + 2*q. Let x(k) = -k**3 + 15*k**2 - 11*k + 16. Is x(o) composite?
False
Let w = 4 - 1. Suppose -w*d - 159 = -4*d. Is d a prime number?
False
Let n(j) = 167*j**3 - 4*j**2 - j + 11. Is n(3) composite?
False
Let n = -101 + 217. Suppose 60 = 5*c + g - n, 4*g - 74 = -2*c. Is c a prime number?
False
Suppose 3*h + 0*h + 36 = 0. Let x be 66/(-10) + (-9)/(-15). Is (1784/h)/(x/9) composite?
False
Let f(k) = -k**2 + 10*k - 2. Let a be f(5). Suppose 18*y + 1655 = a*y. Is y composite?
False
Let g = -41474 - -68653. Is g prime?
True
Is 2 - 1 - (-2139 - -11) a composite number?
False
Let l = 14 - 13. Let c be -1 - (-1 - l/(-1)). Is (-1809)/(-9)*c/(-3) composite?
False
Let m(g) = g**3 + 7*g**2 + 3*g - 6. Let l be m(-6). Let v = -9 + l. Suppose 3*a = -3*j + 36 + 30, 29 = 2*a - v*j. Is a a prime number?
True
Let m(f) be the second derivative of -53*f**3/3 - 3*f**2/2 + 14*f. Is m(-2) prime?
False
Let q(k) = 3*k - 1. Suppose 4*p + 2*b = 54, -b + 60 = 4*p + 3*b. Is q(p) prime?
False
Is 15 + (-7104)/(-56) + (-1)/(-7) a composite number?
True
Suppose 3*f + v = 16387, 4*f + 3*v - 21861 = 4*v. Is (f/(-1 - 3))/(-2) composite?
False
Suppose -o + 2 = -p, 2*p + 4*o + 14 - 40 = 0. Suppose -2717 = -p*z + 2*r + 2*r, 1818 = 2*z + 4*r. Is z a composite number?
False
Suppose 24*l = 54*l - 1532670. Is l a prime number?
False
Suppose 1232*t - 1244*t = -262428. Is t composite?
True
Suppose -2*u = 2*x - 8, 0*x = -x - 2*u. Is x/(-6) - (-8452)/12 a composite number?
True
Is 80988/(-36)*(-2 - 1) composite?
True
Let z = -801 + 1190. Is z a composite number?
False
Let a(r) = 1421*r**3 + 2*r**2 + 5*r - 3. Is a(2) prime?
True
Suppose -4*l + 15*l = l. Suppose l = 5*g + 3*b + 6167 - 20247, 0 = -5*g + b + 14100. Is g a prime number?
True
Let f(c) = -2*c + 12. Let g = -16 - -10. Let z be f(g). Is (z/(-18))/((-2)/21) prime?
False
Suppose -4*l + 2*d + 44 = 0, 0 = -3*l + 2*d + 21 + 12. Is l composite?
False
Let y = -8643 + 12420. Is y composite?
True
Let i = -28 - -31. Suppose -2 = 2*l, -4*l = 6*w - i*w - 2. Suppose -808 = -4*s + q, -2*s - 2*q + 422 = w*q. Is s a prime number?
False
Let r = 1031 + -1452. Let p = 135 - r. Suppose -3*m + p = m. Is m a composite number?
False
Let u(j) = j - 1. Let q be u(7). Let c be (-24)/q*2/4. Is (c/3)/((-3)/603) composite?
True
Let k(c) = -197*c**2 - 1. Let f(q) = 787*q**2 + 4. Let v(b) = 2*f(b) + 9*k(b). Let x be v(-5). Is (-1 - -2)/((-16)/x) prime?
True
Let z be ((-3)/15)/(6/(-90)). Let u be 2/(4*z/990). Suppose 3*t + t - 165 = -5*k, -2*k = -5*t + u. Is t a prime number?
False
Let p(l) = l**3 - 34*l**2 + 40*l + 76. Is p(33) a composite number?
False
Suppose 3*x - 374 = 1684. Let y be -1 - 0 - -467 - 1. Let q = x - y. Is q a composite number?
True
Let z = -107 - -130. Suppose 21*a - z*a + 6502 = 0. Is a a prime number?
True
Let r be (-2)/8 + 9370/40. Suppose -5*z + 5*y = -746 - r, 2*y - 205 = -z. Is z composite?
False
Let z(k) = k**3 + 4*k + 8 - 60 - 4 - 3*k. Let c be z(0). Let a = c - -81. Is a composite?
True
Suppose -i + 5*y + 13 = -2*i, 5*i - 16 = 2*y. Is -262*((-5)/i - -2) a composite number?
False
Let x(m) = -m**2 + 6*m - 7. Let f be x(3). Suppose -5*r + 243 = f*u, 0*r - 116 = -u + 3*r. Is u prime?
False
Suppose t - h + 6 = 0, -3*t - 29 = 2*t - 4*h. Let l(x) = 4*x**2 + 2*x**3 - 1 - 3*x**3 + x**2 - 4*x**3. Is l(t) prime?
False
Let u be ((-7)/(-14))/(1/4). Suppose -u*g = y - 257, 6*g = g - y + 650. Is g prime?
True
Let c = 8 - 7. Let p be c + 38/(-2)*-22. Suppose 3*x - p = -2*l, 4 = -5*x + x. Is l a composite number?
False
Is 1*-5 - (2 + -46928)/9 composite?
False
Suppose 0*q + 2*q = -4*w + 53802, 5*w = -2*q + 67253. Is w a prime number?
True
Let p(z) = z**3 - z**2 - z + 1. Let n(w) = 14*w**2 + w + 7. Let l(r) = -n(r) - p(r). Let s be l(-13). Is (236/(-6))/(s/12) composite?
False
Suppose -2*r + r - 38 = 0. Let y be (-36)/486 - (-13450)/54. Let a = y - r. Is a a prime number?
False
Let c(v) = 8*v**2 + 3*v + 2. Let i be c(-2). Let s = -2 + i. Is s a prime number?
False
Let d(w) = 59*w**2 - 21*w - 187. Is d(-27) composite?
False
Let h(w) = 24*w + 11 - 20*w + 68*w. Is h(5) prime?
False
Suppose -4*u + 2*u - u = 0. Suppose 0*z = -4*z. Is u - -80 - (z - -3) composite?
True
Suppose -2*w + 16599 = j, -w - 11*j + 8304 = -12*j. Is w a prime number?
False
Let w(g) = 5 + 1831*g**3 + 12 + 5*g**2 + 14*g**2 + 24*g - 1830*g**3. Let d = 32 - 49. Is w(d) a composite number?
True
Let m(g) = 23*g**2 - 21*g + 1. Is m(-23) composite?
True
Let a(t) = -3*t + 11 - 2*t**2 + 4*t**2 + t. Is a(-9) a composite number?
False
Suppose 0 = -5*r - m + 1685, 3*r + 3*m = 5*m + 1024. Let h = -477 - -322. Let x = r + h. Is x composite?
True
Suppose 96*y - 92*y - 8 = 0. Suppose -y*z - z = -2*x - 2895, -4*x + 4847 = 5*z. Is z prime?
True
Let a = -15226 + 32597. Is a a composite number?
True
Suppose 2*q - 4550 = -4*m + 6408, 5494 = q + 5*m. Is q a prime number?
False
Let s(l) be the third derivative of 5*l**4/6 + 11*l**3/6 + 14*l**2. Is s(9) a prime number?
True
Let h = 51829 + -31166. Is h prime?
True
Suppose 220 = 7*y + 17. Suppose -7*n + 2*n + 11 = -3*o, 3*o - y = -5*n. Suppose -d + 184 = 2*m - 0*d, o*d = 2*m - 176. Is m composite?
True
Is (5 - (-25906)/(-6))/((-6)/9) a composite number?
False
Suppose -3*g - 8936 = -4*x, -4*x - 4*g = -3386 - 5522. Is x prime?
False
Let t(u) be the third derivative of u**6/120 - u**5/30 + 3*u**4/4 - 17*u**3/6 - 2*u**2. Is t(8) composite?
True
Suppose -4*l + 167 = 4*u - u, 3*u - 187 = l. Suppose -b - 65 = -5*i, -i - 5*b - u = -4*i. Is (67/(-4))/((-3)/i) a prime number?
True
Suppose 9*k - 6090 = -21*k. Is k a prime number?
False
Suppose -l + 1127 + 496 = 0. Is l